{"id":69,"date":"2022-11-16T13:47:29","date_gmt":"2022-11-16T12:47:29","guid":{"rendered":"http:\/\/ptgeogr.umcs.lublin.pl\/?page_id=69"},"modified":"2025-10-10T11:40:38","modified_gmt":"2025-10-10T09:40:38","slug":"zlota-odznaka-ptg","status":"publish","type":"page","link":"https:\/\/ptgeogr.umcs.lublin.pl\/index.php\/zlota-odznaka-ptg\/","title":{"rendered":"Odznaczenia PTG"},"content":{"rendered":"\n<p><strong>Cz\u0142onkowie Honorowi<\/strong><\/p>\n\n\n\n<ul class=\"wp-block-list\">\n<li>2024: Jan Rodzik<\/li>\n\n\n\n<li>2020: El\u017cbieta Kardaszewska<\/li>\n\n\n\n<li>2019: Marian Harasimiuk<\/li>\n\n\n\n<li>2015: Kazimierz P\u0119kala<\/li>\n\n\n\n<li>2010: J\u00f3zef Wojtanowicz<\/li>\n\n\n\n<li>1987: Henryk Maruszczak, Tadeusz Wilgat<\/li>\n\n\n\n<li>1982: Aniela Cha\u0142ubi\u0144ska<\/li>\n\n\n\n<li>1976: Franciszek Uhorczak&nbsp;<\/li>\n<\/ul>\n\n\n\n<p><strong>Medal PTG<\/strong><\/p>\n\n\n\n<ul class=\"wp-block-list\">\n<li>2025: Beata Zieli\u0144ska<\/li>\n\n\n\n<li>2023: Krzysztof Ka\u0142amucki<\/li>\n\n\n\n<li>2017: Zdzis\u0142aw Michalczyk, Jan Rodzik<\/li>\n\n\n\n<li>2012: Kazimierz P\u0119kala<\/li>\n\n\n\n<li>2000: El\u017cbieta Kardaszewska<\/li>\n\n\n\n<li>2006: J\u00f3zef Wojtanowicz<\/li>\n\n\n\n<li>1979: Franciszek Uhorczak<\/li>\n\n\n\n<li>1976: Adam Malicki, Tadeusz Wilgat<\/li>\n<\/ul>\n\n\n\n<p><strong>Z\u0141OTA ODZNAKA PTG<\/strong><\/p>\n\n\n\n<ul class=\"wp-block-list\">\n<li>2025: Wioletta Ka\u0142amucka, Krzysztof Siwek, Wojciech Taras<\/li>\n\n\n\n<li>2023: Piotr Zag\u00f3rski<\/li>\n\n\n\n<li>2022: Stanis\u0142aw Chmiel, Jacek Podko\u015bcielny<\/li>\n\n\n\n<li>2021: Sebastian Bernat, Wojciech Janicki, Jolanta Rodzo\u015b<\/li>\n\n\n\n<li>2020: Renata Krukowska, Katarzyna Mi\u0119siak-W\u00f3jcik, Przemys\u0142aw Mroczek<\/li>\n\n\n\n<li>2019: Anna Bilik<\/li>\n\n\n\n<li>2018: Monika Weso\u0142owska, Beata Ho\u0142ub<\/li>\n\n\n\n<li>2017: Ma\u0142gorzata Flaga, Katarzyna Dobek<\/li>\n\n\n\n<li>2015: Krystyna Budzy\u0144ska, Jan Korzeniewski, El\u017cbieta Muszy\u0144ska, Pawe\u0142 Zieli\u0144ski<\/li>\n\n\n\n<li>2013: Andrzej Miszczuk<\/li>\n\n\n\n<li>2012: Beata Zieli\u0144ska<\/li>\n\n\n\n<li>2010: Krzysztof Ka\u0142amucki<\/li>\n\n\n\n<li>2009: Rados\u0142aw Dobrowolski<\/li>\n\n\n\n<li>2008: Maria \u0141anczont, Jadwiga Koniuszewska, Wojciecj \u017buchowski<\/li>\n\n\n\n<li>2004: Teresa Brzezi\u0144ska-W\u00f3jcik, Leopold Dolecki, Leszek G\u0142ogowski, Magdalena Nowacka-Kisy\u0144ska, S\u0142awomir Terpi\u0142owski<\/li>\n\n\n\n<li>2002: Kazimierz Karczmarz<\/li>\n\n\n\n<li>2001: Jan Gurba, Zbigniew Klimowicz, Andrzej Wi\u015bli\u0144ski<\/li>\n\n\n\n<li>2000: Andrzej \u015awieca, Marek Turczy\u0144ski<\/li>\n\n\n\n<li>1998: Dominik Fija\u0142kowski, Marek Nowosad, Jan Rodzik, Wojciech Warakomski<\/li>\n\n\n\n<li>1996: Krystyna Warakomska<\/li>\n\n\n\n<li>1995: Leszek Grzechnik, Krystyna Harasimiuk, Gra\u017cyna Str\u00f3zik, Stanis\u0142aw Uziak, Mieczys\u0142aw Sirko<\/li>\n\n\n\n<li>1994: Stefan Bartoszewski, Bronis\u0142aw Janiec, Zdzis\u0142aw Michalczyk, Zofia Szyszko, Jan Kasperek<\/li>\n\n\n\n<li>1993: Danuta Zinkiewicz<\/li>\n\n\n\n<li>1989: Tadeusz Kobusi\u0144ski, Jadwiga Michalczyk, Stanis\u0142aw Paczos, Janina Repelewska-P\u0119kalowa<\/li>\n\n\n\n<li>1984: Ryszard Jedut, El\u017cbieta Kardaszewska, El\u017cbieta Reder, Jan Koz\u0142owski, Jerzy Mo\u015bcibroda, Stefan Nakonieczny, Kazimierz P\u0119kala, Tadeusz Szczepanik<\/li>\n\n\n\n<li>1979: Krzysztof Wojciechowski, Ewa Przesmycka, Edward Michna, El\u017cbieta Duszy\u0144ska, Sabina Rz\u0119dzicka, Jan Ernst<\/li>\n\n\n\n<li>1978: Marian Harasimiuk, Maria Nowak, J\u00f3zef Wojtanowicz, Stefania Gurba, Lucyna Hryniewicka<\/li>\n\n\n\n<li>1974: Jan Buraczy\u0144ski, W\u0142adys\u0142aw Sak\u0142awski<\/li>\n\n\n\n<li>1969: Roman Konstankiewicz<\/li>\n\n\n\n<li>1968: Henryk Maruszczak, Jadwiga Augusty\u0144ska, Aniela Cha\u0142ubi\u0144ska, Adam Malicki, Franciszek Uhorczak, Tadeusz Wilgat<\/li>\n<\/ul>\n\n\n\n<p><strong>Odznaka im. Pani Profesor Anny Dylikowej<\/strong><\/p>\n\n\n\n<ul class=\"wp-block-list\">\n<li>dr hab. Jan Rodzik (2019)<\/li>\n\n\n\n<li>prof. dr hab. J\u00f3zef Wojtanowicz (2007)<\/li>\n\n\n\n<li>mgr Ma\u0142gorzata Marek (2006)<\/li>\n\n\n\n<li>mgr Danuta Zinkiewicz (2004)<\/li>\n<\/ul>\n\n\n\n<p><strong>Medal Jubileuszowy 100-lecia PTG (2018)<\/strong><\/p>\n\n\n\n<ul class=\"wp-block-list\">\n<li>Bernat Sebastian<\/li>\n\n\n\n<li>Bilik Anna<\/li>\n\n\n\n<li>Buraczy\u0144ski Jan<\/li>\n\n\n\n<li>Dobrowolski Rados\u0142aw<\/li>\n\n\n\n<li>Harasimiuk Marian<\/li>\n\n\n\n<li>Ka\u0142amucki Krzysztof<\/li>\n\n\n\n<li>Kardaszewska El\u017cbieta<\/li>\n\n\n\n<li>Michalczyk Zdzis\u0142aw<\/li>\n\n\n\n<li>Miszczuk Andrzej<\/li>\n\n\n\n<li>Nowosad Marek<\/li>\n\n\n\n<li>P\u0119kala Kazimierz<\/li>\n\n\n\n<li>Rodzik Jan<\/li>\n\n\n\n<li>Weso\u0142owska Monika<\/li>\n\n\n\n<li>Wojciechowski Krzysztof<\/li>\n<\/ul>\n\n\n\n<p><strong>Medal 50-lecia Olimpiady Geograficznej (2024) \u2013 instytucje, wieloletni fundatorzy nagr\u00f3d dla wszystkich uczestnik\u00f3w i laureat\u00f3w etapu okr\u0119gowego, porz\u0105dek alfabetyczny:<\/strong><\/p>\n\n\n\n<ul class=\"wp-block-list\">\n<li>KARTPOL, na r\u0119ce Leszka Grzechnika i Krzysztofa Ka\u0142amuckiego<\/li>\n\n\n\n<li>Lokalna Grupa Dzia\u0142ania &#8222;Zielony Pier\u015bcie\u0144&#8221; &#8211; Zbigniew Pacholik<\/li>\n\n\n\n<li>Lokalna Organizacja Turystyczna \u201eKraina Lessowych W\u0105woz\u00f3w\u201d &#8211; Wies\u0142aw Czerniec<\/li>\n\n\n\n<li>Grupa PSB Handel S.A. &#8211; Miros\u0142aw Lubarski<\/li>\n\n\n\n<li>Oddzia\u0142 Lubelski Polskiego Towarzystwa Geograficznego &#8211; Andrzej Miszczuk<\/li>\n\n\n\n<li>Petrodom Paliwa Sp. z o.o. sp.k. &#8211; Bernad Doma\u0144ski<\/li>\n\n\n\n<li>Piekarnia Ku\u017amiuk w Lublinie &#8211; Katarzyna i Artur Go\u0142awscy<\/li>\n\n\n\n<li>Poleski Park Narodowy &#8211; \u0141ukasz Omelczuk<\/li>\n\n\n\n<li>Roztocza\u0144ski Park Narodowy &#8211; Tadeusz Grabowski<\/li>\n\n\n\n<li>Uniwersytet Marii Curie-Sk\u0142odowskiej w Lublinie &#8211; Rados\u0142aw Dobrowolski<\/li>\n\n\n\n<li>Urz\u0105d Miasta Lublin Referat ds. Marketingu Miasta &#8211; Paulina Niezgoda<\/li>\n\n\n\n<li>Wydzia\u0142 Nauk o Ziemi i Gospodarki Przestrzennej UMCS &#8211; Jolanta Rodzo\u015b<\/li>\n\n\n\n<li>Zesp\u00f3\u0142 Lubelskich Park\u00f3w Krajobrazowych &#8211; Alicja Sulima<\/li>\n<\/ul>\n\n\n\n<p><strong>Medal 50-lecia Olimpiady Geograficznej (2024) \u2013 osoby zaanga\u017cowane w organizacj\u0119 OG, porz\u0105dek alfabetyczny:<\/strong><\/p>\n\n\n\n<ul class=\"wp-block-list\">\n<li>Teresa Brzezi\u0144ska-W\u00f3jcik<\/li>\n\n\n\n<li>Katarzyna Dobek<\/li>\n\n\n\n<li>El\u017cbieta Kardaszewska<\/li>\n\n\n\n<li>Iwona Kryczka<\/li>\n\n\n\n<li>Rados\u0142aw \u0141ysiak<\/li>\n\n\n\n<li>Przemys\u0142aw Mroczek<\/li>\n\n\n\n<li>Jacek Podko\u015bcielny<\/li>\n\n\n\n<li>Jan Rodzik<\/li>\n\n\n\n<li>Beata Zieli\u0144ska<\/li>\n<\/ul>\n","protected":false},"excerpt":{"rendered":"<p>Cz\u0142onkowie Honorowi Medal PTG Z\u0141OTA ODZNAKA PTG Odznaka im. Pani Profesor Anny Dylikowej Medal Jubileuszowy 100-lecia PTG (2018) Medal 50-lecia [&hellip;]<\/p>\n","protected":false},"author":3,"featured_media":0,"parent":0,"menu_order":1,"comment_status":"closed","ping_status":"closed","template":"","meta":{"footnotes":""},"class_list":["post-69","page","type-page","status-publish","hentry"],"_links":{"self":[{"href":"https:\/\/ptgeogr.umcs.lublin.pl\/index.php\/wp-json\/wp\/v2\/pages\/69","targetHints":{"allow":["GET"]}}],"collection":[{"href":"https:\/\/ptgeogr.umcs.lublin.pl\/index.php\/wp-json\/wp\/v2\/pages"}],"about":[{"href":"https:\/\/ptgeogr.umcs.lublin.pl\/index.php\/wp-json\/wp\/v2\/types\/page"}],"author":[{"embeddable":true,"href":"https:\/\/ptgeogr.umcs.lublin.pl\/index.php\/wp-json\/wp\/v2\/users\/3"}],"replies":[{"embeddable":true,"href":"https:\/\/ptgeogr.umcs.lublin.pl\/index.php\/wp-json\/wp\/v2\/comments?post=69"}],"version-history":[{"count":27,"href":"https:\/\/ptgeogr.umcs.lublin.pl\/index.php\/wp-json\/wp\/v2\/pages\/69\/revisions"}],"predecessor-version":[{"id":906,"href":"https:\/\/ptgeogr.umcs.lublin.pl\/index.php\/wp-json\/wp\/v2\/pages\/69\/revisions\/906"}],"wp:attachment":[{"href":"https:\/\/ptgeogr.umcs.lublin.pl\/index.php\/wp-json\/wp\/v2\/media?parent=69"}],"curies":[{"name":"wp","href":"https:\/\/api.w.org\/{rel}","templated":true}]}}

<p><strong>Członkowie Honorowi</strong></p>



<ul class="wp-block-list">
<li>2024: Jan Rodzik</li>



<li>2020: Elżbieta Kardaszewska</li>



<li>2019: Marian Harasimiuk</li>



<li>2015: Kazimierz Pękala</li>



<li>2010: Józef Wojtanowicz</li>



<li>1987: Henryk Maruszczak, Tadeusz Wilgat</li>



<li>1982: Aniela Chałubińska</li>



<li>1976: Franciszek Uhorczak&nbsp;</li>
</ul>



<p><strong>Medal PTG</strong></p>



<ul class="wp-block-list">
<li>2025: Beata Zielińska</li>



<li>2023: Krzysztof Kałamucki</li>



<li>2017: Zdzisław Michalczyk, Jan Rodzik</li>



<li>2012: Kazimierz Pękala</li>



<li>2000: Elżbieta Kardaszewska</li>



<li>2006: Józef Wojtanowicz</li>



<li>1979: Franciszek Uhorczak</li>



<li>1976: Adam Malicki, Tadeusz Wilgat</li>
</ul>



<p><strong>ZŁOTA ODZNAKA PTG</strong></p>



<ul class="wp-block-list">
<li>2025: Wioletta Kałamucka, Krzysztof Siwek, Wojciech Taras</li>



<li>2023: Piotr Zagórski</li>



<li>2022: Stanisław Chmiel, Jacek Podkościelny</li>



<li>2021: Sebastian Bernat, Wojciech Janicki, Jolanta Rodzoś</li>



<li>2020: Renata Krukowska, Katarzyna Mięsiak-Wójcik, Przemysław Mroczek</li>



<li>2019: Anna Bilik</li>



<li>2018: Monika Wesołowska, Beata Hołub</li>



<li>2017: Małgorzata Flaga, Katarzyna Dobek</li>



<li>2015: Krystyna Budzyńska, Jan Korzeniewski, Elżbieta Muszyńska, Paweł Zieliński</li>



<li>2013: Andrzej Miszczuk</li>



<li>2012: Beata Zielińska</li>



<li>2010: Krzysztof Kałamucki</li>



<li>2009: Radosław Dobrowolski</li>



<li>2008: Maria Łanczont, Jadwiga Koniuszewska, Wojciecj Żuchowski</li>



<li>2004: Teresa Brzezińska-Wójcik, Leopold Dolecki, Leszek Głogowski, Magdalena Nowacka-Kisyńska, Sławomir Terpiłowski</li>



<li>2002: Kazimierz Karczmarz</li>



<li>2001: Jan Gurba, Zbigniew Klimowicz, Andrzej Wiśliński</li>



<li>2000: Andrzej Świeca, Marek Turczyński</li>



<li>1998: Dominik Fijałkowski, Marek Nowosad, Jan Rodzik, Wojciech Warakomski</li>



<li>1996: Krystyna Warakomska</li>



<li>1995: Leszek Grzechnik, Krystyna Harasimiuk, Grażyna Strózik, Stanisław Uziak, Mieczysław Sirko</li>



<li>1994: Stefan Bartoszewski, Bronisław Janiec, Zdzisław Michalczyk, Zofia Szyszko, Jan Kasperek</li>



<li>1993: Danuta Zinkiewicz</li>



<li>1989: Tadeusz Kobusiński, Jadwiga Michalczyk, Stanisław Paczos, Janina Repelewska-Pękalowa</li>



<li>1984: Ryszard Jedut, Elżbieta Kardaszewska, Elżbieta Reder, Jan Kozłowski, Jerzy Mościbroda, Stefan Nakonieczny, Kazimierz Pękala, Tadeusz Szczepanik</li>



<li>1979: Krzysztof Wojciechowski, Ewa Przesmycka, Edward Michna, Elżbieta Duszyńska, Sabina Rzędzicka, Jan Ernst</li>



<li>1978: Marian Harasimiuk, Maria Nowak, Józef Wojtanowicz, Stefania Gurba, Lucyna Hryniewicka</li>



<li>1974: Jan Buraczyński, Władysław Sakławski</li>



<li>1969: Roman Konstankiewicz</li>



<li>1968: Henryk Maruszczak, Jadwiga Augustyńska, Aniela Chałubińska, Adam Malicki, Franciszek Uhorczak, Tadeusz Wilgat</li>
</ul>



<p><strong>Odznaka im. Pani Profesor Anny Dylikowej</strong></p>



<ul class="wp-block-list">
<li>dr hab. Jan Rodzik (2019)</li>



<li>prof. dr hab. Józef Wojtanowicz (2007)</li>



<li>mgr Małgorzata Marek (2006)</li>



<li>mgr Danuta Zinkiewicz (2004)</li>
</ul>



<p><strong>Medal Jubileuszowy 100-lecia PTG (2018)</strong></p>



<ul class="wp-block-list">
<li>Bernat Sebastian</li>



<li>Bilik Anna</li>



<li>Buraczyński Jan</li>



<li>Dobrowolski Radosław</li>



<li>Harasimiuk Marian</li>



<li>Kałamucki Krzysztof</li>



<li>Kardaszewska Elżbieta</li>



<li>Michalczyk Zdzisław</li>



<li>Miszczuk Andrzej</li>



<li>Nowosad Marek</li>



<li>Pękala Kazimierz</li>



<li>Rodzik Jan</li>



<li>Wesołowska Monika</li>



<li>Wojciechowski Krzysztof</li>
</ul>



<p><strong>Medal 50-lecia Olimpiady Geograficznej (2024) – instytucje, wieloletni fundatorzy nagród dla wszystkich uczestników i laureatów etapu okręgowego, porządek alfabetyczny:</strong></p>



<ul class="wp-block-list">
<li>KARTPOL, na ręce Leszka Grzechnika i Krzysztofa Kałamuckiego</li>



<li>Lokalna Grupa Działania &#8222;Zielony Pierścień&#8221; &#8211; Zbigniew Pacholik</li>



<li>Lokalna Organizacja Turystyczna „Kraina Lessowych Wąwozów” &#8211; Wiesław Czerniec</li>



<li>Grupa PSB Handel S.A. &#8211; Mirosław Lubarski</li>



<li>Oddział Lubelski Polskiego Towarzystwa Geograficznego &#8211; Andrzej Miszczuk</li>



<li>Petrodom Paliwa Sp. z o.o. sp.k. &#8211; Bernad Domański</li>



<li>Piekarnia Kuźmiuk w Lublinie &#8211; Katarzyna i Artur Goławscy</li>



<li>Poleski Park Narodowy &#8211; Łukasz Omelczuk</li>



<li>Roztoczański Park Narodowy &#8211; Tadeusz Grabowski</li>



<li>Uniwersytet Marii Curie-Skłodowskiej w Lublinie &#8211; Radosław Dobrowolski</li>



<li>Urząd Miasta Lublin Referat ds. Marketingu Miasta &#8211; Paulina Niezgoda</li>



<li>Wydział Nauk o Ziemi i Gospodarki Przestrzennej UMCS &#8211; Jolanta Rodzoś</li>



<li>Zespół Lubelskich Parków Krajobrazowych &#8211; Alicja Sulima</li>
</ul>



<p><strong>Medal 50-lecia Olimpiady Geograficznej (2024) – osoby zaangażowane w organizację OG, porządek alfabetyczny:</strong></p>



<ul class="wp-block-list">
<li>Teresa Brzezińska-Wójcik</li>



<li>Katarzyna Dobek</li>



<li>Elżbieta Kardaszewska</li>



<li>Iwona Kryczka</li>



<li>Radosław Łysiak</li>



<li>Przemysław Mroczek</li>



<li>Jacek Podkościelny</li>



<li>Jan Rodzik</li>



<li>Beata Zielińska</li>
</ul>

<p>Członkowie Honorowi Medal PTG ZŁOTA ODZNAKA PTG Odznaka im. Pani Profesor Anny Dylikowej Medal Jubileuszowy 100-lecia PTG (2018) Medal 50-lecia [&hellip;]</p>
