{"id":762,"date":"2024-12-11T20:05:41","date_gmt":"2024-12-11T19:05:41","guid":{"rendered":"https:\/\/ptgeogr.umcs.lublin.pl\/?page_id=762"},"modified":"2025-01-06T19:50:02","modified_gmt":"2025-01-06T18:50:02","slug":"kongres-geografii-polskiej-2025","status":"publish","type":"page","link":"https:\/\/ptgeogr.umcs.lublin.pl\/index.php\/kongres-geografii-polskiej-2025\/","title":{"rendered":"Kongres Geografii Polskiej 2025"},"content":{"rendered":"\n<p><em>Szanowni Pa\u0144stwo,<\/em><\/p>\n\n\n\n<p><em>Drogie Kole\u017canki i Drodzy Koledzy,<\/em><\/p>\n\n\n\n<p>serdecznie zapraszamy na najwi\u0119ksz\u0105 konferencj\u0119 polskich geograf\u00f3w \u2013&nbsp;<strong>Kongres Geografii Polskiej<\/strong>, kt\u00f3ry odb\u0119dzie si\u0119 w Lublinie w dniach&nbsp;<strong>10<em>\u2013<\/em>14 wrze\u015bnia 2025 r.<\/strong><\/p>\n\n\n\n<p>Kongres b\u0119dzie przebiega\u0142 pod has\u0142em&nbsp;<strong>\u201eGeografia bez granic\u201d<\/strong>, zach\u0119caj\u0105c do refleksji i dyskusji nad bogactwem i r\u00f3\u017cnorodno\u015bci\u0105 bada\u0144 geograficznych, zar\u00f3wno w wymiarze przedmiotowym, jak i teoretyczno-metodologicznym. B\u0119dzie stanowi\u0142 wyj\u0105tkow\u0105 okazj\u0119 do integracji ca\u0142ego \u015brodowiska geograf\u00f3w oraz przedstawicieli pokrewnych dyscyplin.<\/p>\n\n\n\n<p><strong>Z przyjemno\u015bci\u0105 informujemy, \u017ce w ramach Kongresu odb\u0119dzie si\u0119 tak\u017ce 65. Zjazd Polskiego Towarzystwa Geograficznego.<\/strong><\/p>\n\n\n\n<p>Wszystkie szczeg\u00f3\u0142owe informacje dotycz\u0105ce wydarzenia, w tym program, sesje tematyczne oraz zasady rejestracji, publikujemy na stronie internetowej: <a href=\"https:\/\/www.umcs.pl\/pl\/kgp2025.htm\">https:\/\/www.umcs.pl\/pl\/kgp2025.htm<\/a>.<\/p>\n\n\n\n<p>Serdecznie zapraszamy Pa\u0144stwa do aktywnego uczestnictwa w Kongresie, w szczeg\u00f3lno\u015bci poprzez prezentacj\u0119 wynik\u00f3w swoich bada\u0144 podczas jednej z licznych sesji tematycznych lub w ramach sesji posterowej. Mamy r\u00f3wnie\u017c nadziej\u0119 na Pa\u0144stwa obecno\u015b\u0107 podczas sesji terenowych, kt\u00f3re wzbogac\u0105 program wydarzenia.<\/p>\n\n\n\n<p><em>Do zobaczenia w Lublinie!<\/em><\/p>\n\n\n\n<p>Prof. dr hab. Rados\u0142aw Dobrowolski,&nbsp;<em>rektor Uniwersytetu Marii Curie-Sk\u0142odowskiej<br><\/em>Prof. dr hab. Zbigniew Zwoli\u0144ski,&nbsp;<em>przewodnicz\u0105cy Komitetu Nauk Geograficznych PAN<br><\/em>Dr hab. Urszula Myga-Pi\u0105tek, prof. U\u015a,&nbsp;<em>przewodnicz\u0105ca Polskiego Towarzystwa Geograficznego<br><\/em>Prof. dr hab. Pawe\u0142 Churski,<em>&nbsp;przewodnicz\u0105cy Konferencji Kierownik\u00f3w Jednostek Geograficznych<\/em><\/p>\n\n\n\n<p><strong>CELE KONFERENCJI<\/strong><\/p>\n\n\n\n<hr class=\"wp-block-separator has-alpha-channel-opacity\"\/>\n\n\n\n<ul class=\"wp-block-list\">\n<li>Diagnoza dotychczasowych dokona\u0144 badawczych polskiej geografii<\/li>\n\n\n\n<li>Dyskusja nad to\u017csamo\u015bci\u0105 geografii oraz jej wsp\u00f3\u0142czesnymi problemami i wyzwaniami<\/li>\n\n\n\n<li>Okre\u015blenie kierunk\u00f3w rozwoju w obszarach nauki, dydaktyki, popularyzacji wiedzy<br>i komercjalizacji wynik\u00f3w bada\u0144<\/li>\n\n\n\n<li>Zacie\u015bnienie wsp\u00f3\u0142pracy i integracja \u015brodowiska geograf\u00f3w, obejmuj\u0105ca przedstawicieli \u015bwiata nauki ze wszystkich polskich o\u015brodk\u00f3w geograficznych, nauczycieli geografii, student\u00f3w, doktorant\u00f3w i praktyk\u00f3w<\/li>\n<\/ul>\n\n\n\n<p><strong>ORGANIZATORZY<\/strong><\/p>\n\n\n\n<hr class=\"wp-block-separator has-alpha-channel-opacity\"\/>\n\n\n\n<ul class=\"wp-block-list\">\n<li>Uniwersytet Marii Curie-Sk\u0142odowskiej w Lublinie<\/li>\n\n\n\n<li>Komitet Nauk Geograficznych PAN<\/li>\n\n\n\n<li>Polskie Towarzystwo Geograficzne<\/li>\n\n\n\n<li>Konferencja Kierownik\u00f3w Jednostek Geograficznych<\/li>\n<\/ul>\n\n\n\n<p><\/p>\n","protected":false},"excerpt":{"rendered":"<p>Szanowni Pa\u0144stwo, Drogie Kole\u017canki i Drodzy Koledzy, serdecznie zapraszamy na najwi\u0119ksz\u0105 konferencj\u0119 polskich geograf\u00f3w \u2013&nbsp;Kongres Geografii Polskiej, kt\u00f3ry odb\u0119dzie si\u0119 [&hellip;]<\/p>\n","protected":false},"author":3,"featured_media":764,"parent":0,"menu_order":0,"comment_status":"closed","ping_status":"closed","template":"","meta":{"footnotes":""},"class_list":["post-762","page","type-page","status-publish","has-post-thumbnail","hentry"],"_links":{"self":[{"href":"https:\/\/ptgeogr.umcs.lublin.pl\/index.php\/wp-json\/wp\/v2\/pages\/762","targetHints":{"allow":["GET"]}}],"collection":[{"href":"https:\/\/ptgeogr.umcs.lublin.pl\/index.php\/wp-json\/wp\/v2\/pages"}],"about":[{"href":"https:\/\/ptgeogr.umcs.lublin.pl\/index.php\/wp-json\/wp\/v2\/types\/page"}],"author":[{"embeddable":true,"href":"https:\/\/ptgeogr.umcs.lublin.pl\/index.php\/wp-json\/wp\/v2\/users\/3"}],"replies":[{"embeddable":true,"href":"https:\/\/ptgeogr.umcs.lublin.pl\/index.php\/wp-json\/wp\/v2\/comments?post=762"}],"version-history":[{"count":4,"href":"https:\/\/ptgeogr.umcs.lublin.pl\/index.php\/wp-json\/wp\/v2\/pages\/762\/revisions"}],"predecessor-version":[{"id":775,"href":"https:\/\/ptgeogr.umcs.lublin.pl\/index.php\/wp-json\/wp\/v2\/pages\/762\/revisions\/775"}],"wp:featuredmedia":[{"embeddable":true,"href":"https:\/\/ptgeogr.umcs.lublin.pl\/index.php\/wp-json\/wp\/v2\/media\/764"}],"wp:attachment":[{"href":"https:\/\/ptgeogr.umcs.lublin.pl\/index.php\/wp-json\/wp\/v2\/media?parent=762"}],"curies":[{"name":"wp","href":"https:\/\/api.w.org\/{rel}","templated":true}]}}

<p><em>Szanowni Państwo,</em></p>



<p><em>Drogie Koleżanki i Drodzy Koledzy,</em></p>



<p>serdecznie zapraszamy na największą konferencję polskich geografów –&nbsp;<strong>Kongres Geografii Polskiej</strong>, który odbędzie się w Lublinie w dniach&nbsp;<strong>10<em>–</em>14 września 2025 r.</strong></p>



<p>Kongres będzie przebiegał pod hasłem&nbsp;<strong>„Geografia bez granic”</strong>, zachęcając do refleksji i dyskusji nad bogactwem i różnorodnością badań geograficznych, zarówno w wymiarze przedmiotowym, jak i teoretyczno-metodologicznym. Będzie stanowił wyjątkową okazję do integracji całego środowiska geografów oraz przedstawicieli pokrewnych dyscyplin.</p>



<p><strong>Z przyjemnością informujemy, że w ramach Kongresu odbędzie się także 65. Zjazd Polskiego Towarzystwa Geograficznego.</strong></p>



<p>Wszystkie szczegółowe informacje dotyczące wydarzenia, w tym program, sesje tematyczne oraz zasady rejestracji, publikujemy na stronie internetowej: <a href="https://www.umcs.pl/pl/kgp2025.htm">https://www.umcs.pl/pl/kgp2025.htm</a>.</p>



<p>Serdecznie zapraszamy Państwa do aktywnego uczestnictwa w Kongresie, w szczególności poprzez prezentację wyników swoich badań podczas jednej z licznych sesji tematycznych lub w ramach sesji posterowej. Mamy również nadzieję na Państwa obecność podczas sesji terenowych, które wzbogacą program wydarzenia.</p>



<p><em>Do zobaczenia w Lublinie!</em></p>



<p>Prof. dr hab. Radosław Dobrowolski,&nbsp;<em>rektor Uniwersytetu Marii Curie-Skłodowskiej<br></em>Prof. dr hab. Zbigniew Zwoliński,&nbsp;<em>przewodniczący Komitetu Nauk Geograficznych PAN<br></em>Dr hab. Urszula Myga-Piątek, prof. UŚ,&nbsp;<em>przewodnicząca Polskiego Towarzystwa Geograficznego<br></em>Prof. dr hab. Paweł Churski,<em>&nbsp;przewodniczący Konferencji Kierowników Jednostek Geograficznych</em></p>



<p><strong>CELE KONFERENCJI</strong></p>



<hr class="wp-block-separator has-alpha-channel-opacity"/>



<ul class="wp-block-list">
<li>Diagnoza dotychczasowych dokonań badawczych polskiej geografii</li>



<li>Dyskusja nad tożsamością geografii oraz jej współczesnymi problemami i wyzwaniami</li>



<li>Określenie kierunków rozwoju w obszarach nauki, dydaktyki, popularyzacji wiedzy<br>i komercjalizacji wyników badań</li>



<li>Zacieśnienie współpracy i integracja środowiska geografów, obejmująca przedstawicieli świata nauki ze wszystkich polskich ośrodków geograficznych, nauczycieli geografii, studentów, doktorantów i praktyków</li>
</ul>



<p><strong>ORGANIZATORZY</strong></p>



<hr class="wp-block-separator has-alpha-channel-opacity"/>



<ul class="wp-block-list">
<li>Uniwersytet Marii Curie-Skłodowskiej w Lublinie</li>



<li>Komitet Nauk Geograficznych PAN</li>



<li>Polskie Towarzystwo Geograficzne</li>



<li>Konferencja Kierowników Jednostek Geograficznych</li>
</ul>



<p></p>

<p>Szanowni Państwo, Drogie Koleżanki i Drodzy Koledzy, serdecznie zapraszamy na największą konferencję polskich geografów –&nbsp;Kongres Geografii Polskiej, który odbędzie się [&hellip;]</p>
